{"id":745,"date":"2016-07-01T10:24:18","date_gmt":"2016-07-01T10:24:18","guid":{"rendered":"http:\/\/ninetheme.com\/themes\/proland\/?page_id=215"},"modified":"2025-05-16T13:29:37","modified_gmt":"2025-05-16T13:29:37","slug":"privacy","status":"publish","type":"page","link":"https:\/\/vetrina-digitale.it\/index.php\/privacy\/","title":{"rendered":"Informativa sulla privacy"},"content":{"rendered":"<div class=\"wpb-content-wrapper\"><p>[vc_row][vc_column][vc_row_inner][vc_column_inner][vc_column_text css=&#8221;&#8221;]<\/p>\n<div class=\"col-md-8 col-md-offset-2\">\n<p>Il portale vetrina-digitale.it (in seguito, &#8220;Titolare&#8221;), in qualit\u00e0 di titolare del trattamento, La informa ai sensi dell&#8217;art. 13 D.Lgs. 30.6.2003 n. 196 (in seguito, &#8220;Codice Privacy&#8221;) e dell&#8217;art. 13 Regolamento UE n. 2016\/679 (in seguito, &#8220;GDPR&#8221;) che i Suoi dati saranno trattati con le modalit\u00e0 e per le finalit\u00e0 seguenti:<\/p>\n<p><strong>1. Oggetto del trattamento<\/strong><br \/>\nIl Titolare tratta i dati personali, identificativi (ad esempio, nome, cognome, ragione sociale, indirizzo, telefono, e-mail, riferimenti bancari e\u00a0di pagamento &#8211; in seguito, &#8220;dati personali&#8221; o anche &#8220;dati&#8221;) da Lei\u00a0comunicati in occasione della conclusione di contratti per i servizi del\u00a0Titolare.<\/p>\n<p><strong>2. Finalit\u00e0 del trattamento<\/strong><br \/>\nI Suoi dati personali sono trattati senza il Suo consenso espresso (art. 24\u00a0lett. a), b), c) Codice Privacy e art. 6 lett. b), e) GDPR), per le seguenti\u00a0Finalit\u00e0 di Servizio:<br \/>\n&#8211; concludere i contratti per i servizi del Titolare;<br \/>\n&#8211; adempiere agli obblighi precontrattuali, contrattuali e fiscali derivanti\u00a0da rapporti con Lei in essere;<br \/>\n&#8211; adempiere agli obblighi previsti dalla legge, da un regolamento, dalla\u00a0normativa comunitaria o da un ordine dell&#8217;Autorit\u00e0 (come ad esempio in\u00a0materia di antiriciclaggio);<br \/>\n&#8211; esercitare i diritti del Titolare, ad esempio il diritto di difesa in\u00a0giudizio.<\/p>\n<p><strong>3. Modalit\u00e0 di trattamento<\/strong><br \/>\nIl trattamento dei Suoi dati personali \u00e8 realizzato per mezzo delle\u00a0operazioni indicate all&#8217;art. 4 Codice Privacy e all&#8217;art. 4 n. 2) GDPR e\u00a0precisamente: raccolta, registrazione, organizzazione, conservazione,\u00a0consultazione, elaborazione, modificazione, selezione, estrazione,\u00a0raffronto, utilizzo, interconnessione, blocco, comunicazione, cancellazione<br \/>\ne distruzione dei dati. I Suoi dati personali sono sottoposti a trattamento\u00a0sia cartaceo che elettronico e\/o automatizzato.<br \/>\nIl Titolare tratter\u00e0 i dati personali per il tempo necessario per adempiere\u00a0alle finalit\u00e0 di cui sopra e comunque per non oltre 10 anni dalla cessazione\u00a0del rapporto per le Finalit\u00e0 di Servizio.<\/p>\n<p><strong>4. Accesso ai dati<\/strong><br \/>\nI Suoi dati potranno essere resi accessibili per le finalit\u00e0 di cui all&#8217;art.\u00a02:<br \/>\n&#8211; a dipendenti e collaboratori del Titolare, nella loro qualit\u00e0 di\u00a0incaricati e\/o responsabili interni del trattamento e\/o amministratori di\u00a0sistema;<br \/>\n&#8211; a societ\u00e0 terze o altri soggetti (a titolo indicativo, istituti di\u00a0credito, studi professionali, consulenti, societ\u00e0 di assicurazione per la\u00a0prestazione di servizi assicurativi, etc.) che svolgono attivit\u00e0 in\u00a0outsourcing per conto del Titolare, nella loro qualit\u00e0 di responsabili\u00a0esterni del trattamento.<\/p>\n<p><strong>5. Comunicazione dei dati<\/strong><br \/>\nSenza la necessit\u00e0 di un espresso consenso (ex art. 24 lett. a), b), d)\u00a0Codice Privacy e art. 6 lett. b) e c) GDPR), il Titolare potr\u00e0 comunicare i\u00a0Suoi dati per le finalit\u00e0 di cui all&#8217;art. 2 a Organismi di vigilanza (quali\u00a0IVASS), Autorit\u00e0 giudiziarie, a societ\u00e0 di assicurazione per la prestazione\u00a0di servizi assicurativi, nonch\u00e9 a quei soggetti ai quali la comunicazione\u00a0sia obbligatoria per legge per l&#8217;espletamento delle finalit\u00e0 dette. Detti\u00a0soggetti tratteranno i dati nella loro qualit\u00e0 di autonomi titolari del<br \/>\ntrattamento.\u00a0I Suoi dati non saranno diffusi.<\/p>\n<p><strong>6. Sicurezza<\/strong><br \/>\nI dati vengono custoditi e controllati mediante adozione di idonee misure\u00a0preventive di sicurezza, volte a ridurre al minimo i rischi di perdita e\u00a0distruzione, di accesso non autorizzato, di trattamento non consentito e\u00a0difforme dalle finalit\u00e0 per cui il trattamento viene effettuato.<\/p>\n<p><strong>7. Trasferimento dati<\/strong><br \/>\nLa gestione e la conservazione dei dati personali avverr\u00e0 nel territorio\u00a0dell&#8217;Unione Europea.<\/p>\n<p><strong>8. Diritti dell&#8217;interessato<\/strong><br \/>\nNella Sua qualit\u00e0 di interessato, ha il diritto di cui all&#8217;art. 15 GDPR e\u00a0precisamente i diritti di:<br \/>\nOttenere la conferma dell&#8217;esistenza o meno di dati personali che La\u00a0riguardano, anche se non ancora registrati, e la loro comunicazione in forma\u00a0intelligibile; ii. ottenere l&#8217;indicazione: a) dell&#8217;origine dei dati\u00a0personali; b) delle finalit\u00e0 e modalit\u00e0 del trattamento; c) della logica\u00a0applicata in caso di trattamento effettuato con l&#8217;ausilio di strumenti\u00a0elettronici; d) degli estremi identificativi del titolare, dei responsabili\u00a0e del rappresentante designato ai sensi dell&#8217;art. 5, comma 2 Codice Privacy\u00a0e art. 3, comma 1, GDPR; e) dei soggetti o delle categorie di soggetti ai\u00a0quali i dati personali possono essere comunicati o che possono venirne a\u00a0conoscenza in qualit\u00e0 di rappresentante designato nel territorio dello\u00a0Stato, di responsabili o incaricati; iii. ottenere: a) l&#8217;aggiornamento, la\u00a0rettifica ovvero l&#8217;integrazione dei dati; b) la cancellazione, la\u00a0trasformazione in forma anonima o il blocco dei dati trattati in violazione\u00a0di legge, compresi quelli di cui non \u00e8 necessaria la conservazione in\u00a0relazione agli scopi per i quali i dati sono stati raccolti o\u00a0successivamente trattati; c) l&#8217;attestazione che le operazioni di cui alle\u00a0lettere a) e b) sono state portate a conoscenza, anche per quanto riguarda\u00a0il loro contenuto, di coloro ai quali i dati sono stati comunicati o<br \/>\ndiffusi, eccettuato il caso in cui tale adempimento si rivela impossibile o\u00a0comporta un impiego di mezzi manifestamente sproporzionato rispetto al\u00a0diritto tutelato; iv. opporsi, in tutto o in parte per motivi legittimi al\u00a0trattamento dei dati personali che La riguardano, ancorch\u00e9 pertinenti allo\u00a0scopo della raccolta.\u00a0Ove applicabili, Lei ha altres\u00ec i diritti di cui agli artt. 16-21 GDPR\u00a0(Diritto di rettifica, diritto all&#8217;oblio, diritto di limitazione di\u00a0trattamento, diritto alla portabilit\u00e0 dei dati, diritto di opposizione),\u00a0nonch\u00e9 il diritto di reclamo all&#8217;Autorit\u00e0 Garante.<\/p>\n<p><strong>9. Modalit\u00e0 di esercizio dei diritti<\/strong><br \/>\nPotr\u00e0 in qualsiasi momento esercitare i diritti inviando una comunicazione: via e-mail, all&#8217;indirizzo: info@vetrina-digitale.it<\/p>\n<p><strong>10. Titolare, responsabile e incaricati<\/strong><br \/>\nIl Titolare del trattamento \u00e8 il responsabile protempore della Mediagen L&#8217;elenco aggiornato dei responsabili e degli incaricati al trattamento \u00e8 custodito ed \u00e8 consultabile presso la sede del Titolare del trattamento.<\/p>\n<\/div>\n<p>[\/vc_column_text][\/vc_column_inner][\/vc_row_inner][\/vc_column][\/vc_row]<\/p>\n<\/div>","protected":false},"excerpt":{"rendered":"<p>[vc_row][vc_column][vc_row_inner][vc_column_inner][vc_column_text css=&#8221;&#8221;] Il portale vetrina-digitale.it (in seguito, &#8220;Titolare&#8221;), in qualit\u00e0 di titolare del trattamento, La informa ai sensi dell&#8217;art. 13 D.Lgs. 30.6.2003 n. 196 (in seguito, &#8220;Codice Privacy&#8221;) e dell&#8217;art. 13 Regolamento UE n. 2016\/679 (in seguito, &#8220;GDPR&#8221;) che i Suoi dati saranno trattati con le modalit\u00e0 e per le finalit\u00e0 seguenti: 1. Oggetto del [&hellip;]<\/p>\n","protected":false},"author":1,"featured_media":0,"parent":0,"menu_order":0,"comment_status":"closed","ping_status":"closed","template":"fullwidth-page.php","meta":{"footnotes":""},"class_list":["post-745","page","type-page","status-publish","hentry"],"_links":{"self":[{"href":"https:\/\/vetrina-digitale.it\/index.php\/wp-json\/wp\/v2\/pages\/745","targetHints":{"allow":["GET"]}}],"collection":[{"href":"https:\/\/vetrina-digitale.it\/index.php\/wp-json\/wp\/v2\/pages"}],"about":[{"href":"https:\/\/vetrina-digitale.it\/index.php\/wp-json\/wp\/v2\/types\/page"}],"author":[{"embeddable":true,"href":"https:\/\/vetrina-digitale.it\/index.php\/wp-json\/wp\/v2\/users\/1"}],"replies":[{"embeddable":true,"href":"https:\/\/vetrina-digitale.it\/index.php\/wp-json\/wp\/v2\/comments?post=745"}],"version-history":[{"count":2,"href":"https:\/\/vetrina-digitale.it\/index.php\/wp-json\/wp\/v2\/pages\/745\/revisions"}],"predecessor-version":[{"id":1008,"href":"https:\/\/vetrina-digitale.it\/index.php\/wp-json\/wp\/v2\/pages\/745\/revisions\/1008"}],"wp:attachment":[{"href":"https:\/\/vetrina-digitale.it\/index.php\/wp-json\/wp\/v2\/media?parent=745"}],"curies":[{"name":"wp","href":"https:\/\/api.w.org\/{rel}","templated":true}]}}